**2 + 492*l - 26. What is c(8)?
6
Let i(q) = -q - 74. Determine i(-14).
-60
Let p(h) = h**3 - 33*h**2 - h + 54. What is p(33)?
21
Let t(z) = 12*z**2 + 6*z + 21. Give t(-3).
111
Let m(v) = 66*v**2 + 4*v - 16. Determine m(-2).
240
Let n(p) = 13*p + 1071. Determine n(-83).
-8
Let a(o) = -34*o**2 + 6. What is a(-2)?
-130
Let y(u) = -u**3 + 36*u**2 - 67*u - 11. Determine y(34).
23
Let s(h) = 2758*h + 22045. Give s(-8).
-19
Let o(p) = p**2 + 732*p + 12157. Give o(-17).
2
Let s(m) = -42*m - 394. Calculate s(-10).
26
Let d(w) = -2749*w + 2. Give d(0).
2
Let b(h) = h**3 + 14*h**2 - 89*h - 367. What is b(-18)?
-61
Let i(v) = -v**3 + 12*v**2 - 21*v - 61. Determine i(4).
-17
Let m(y) = 35*y - 1405. What is m(29)?
-390
Let p(s) = -204*s - 1224. Determine p(-6).
0
Let y(r) = -2*r**3 - 23*r**2 - 9*r - 13. Calculate y(-11).
-35
Let o(m) = 5*m**3 + 42*m**2 - 64*m + 21. Calculate o(1).
4
Let s(m) = -2*m**3 + 20*m**2 + 832*m - 10. Give s(-16).
-10
Let g(s) = -242*s - 26117. Give g(-108).
19
Let q(p) = p**2 + 56*p + 609. Calculate q(-15).
-6
Let d(r) = -r**3 - 35*r - 130. What is d(-3)?
2
Let i(x) = x**3 - 18*x**2 - 6*x - 50. Determine i(19).
197
Let c(d) = -d**3 - 3*d**2 - 50*d - 144. Determine c(-3).
6
Let h(c) = -c**3 - 9*c**2 + 115*c - 16. Determine h(7).
5
Let i(d) = 78*d + 4750. What is i(-61)?
-8
Let s(f) = 15*f**2 - 464*f - 27. What is s(31)?
4
Let o(d) = d**3 - 45*d**2 + 494*d + 75. Calculate o(26).
75
Let s(z) = 3*z**3 + 15*z**2 - 26*z - 15. Determine s(-6).
33
Let o(i) = i**3 - i**2 - 7*i + 9. What is o(0)?
9
Let o(r) = -306*r + 13495. Give o(44).
31
Let u(f) = -f**2 + 469*f - 1858. Calculate u(4).
2
Let f(z) = 15*z - 264. Give f(9).
-129
Let c(p) = -2*p**3 + 32*p**2 - 121*p + 20. What is c(10)?
10
Let x(l) = 21*l - 176. Give x(8).
-8
Let u(o) = 19*o - 854. What is u(44)?
-18
Let d(f) = -f**3 + 6*f**2 - 271*f + 1649. What is d(6)?
23
Let l(p) = 70*p**2 - 183*p + 184. What is l(1)?
71
Let s(q) = q**3 + 6*q**2 - 11*q - 38. Determine s(-7).
-10
Let z(y) = -25*y + 852. What is z(33)?
27
Let h(a) = -a**2 - 3342*a + 46991. Give h(14).
7
Let s(n) = 2*n**2 + 78*n + 39. Determine s(-39).
39
Let v(y) = 2*y**3 + 35*y**2 + 50*y + 36. Determine v(-16).
4
Let i(u) = 2*u**2 - 52*u + 333. Calculate i(16).
13
Let s(v) = -1583*v - 11076. Calculate s(-7).
5
Let g(q) = q**3 + 13*q**2 - 6*q - 93. What is g(-13)?
-15
Let g(x) = -x**2 + 658. Calculate g(26).
-18
Let t(v) = 2*v**2 + 263*v + 7963. Calculate t(-47).
20
Let b(f) = -f**3 + 42*f**2 - 40*f + 168. Determine b(41).
209
Let u(a) = -71*a + 1026. Give u(16).
-110
Let b(v) = 2*v**2 - 11*v - 52. Calculate b(-12).
368
Let k(n) = -28*n - 2532. Give k(-91).
16
Let j(z) = 753*z - 13544. What is j(18)?
10
Let a(w) = -w**3 - 16*w**2 + 108*w - 30. Determine a(-20).
-590
Let t(y) = -y**3 - 22*y**2 - 123*y + 18. Calculate t(-10).
48
Let u(n) = -265*n + 794. Give u(3).
-1
Let c(j) = 24*j + 1090. Calculate c(-54).
-206
Let w(m) = -m**3 + 9*m**2 + 74*m - 602. What is w(7)?
14
Let g(x) = -x**2 - 2005*x - 8017. What is g(-4)?
-13
Let u(k) = 10*k - 463. Give u(40).
-63
Let h(s) = -s**2 + 427*s - 30333. Give h(90).
-3
Let n(x) = -2*x**3 - 152*x**2 + 2*x + 191. Calculate n(-76).
39
Let j(i) = -23*i - 1670. Calculate j(-73).
9
Let k(j) = 7*j**3 + 12*j**2 - 23*j + 1. Determine k(4).
549
Let v(l) = -194*l - 10100. Give v(-52).
-12
Let n(z) = -76*z - 5402. Determine n(-71).
-6
Let q(v) = -11*v**2 + 6*v + 43. Determine q(-4).
-157
Let g(i) = 4*i - 18. Calculate g(-2).
-26
Let n(y) = -3*y**3 + 14*y**2 + 8*y + 6. What is n(5)?
21
Let m(z) = 26*z - 206. What is m(7)?
-24
Let i(v) = -3*v**2 + 8*v - 4. Calculate i(-3).
-55
Let h(n) = -7*n**2 - 115*n + 1070. Calculate h(-23).
12
Let w(b) = -2*b**3 - 104*b**2 + 812*b + 125. Give w(7).
27
Let q(w) = -82*w**2 - 7*w + 6. Calculate q(2).
-336
Let w(a) = 9*a + 1114. What is w(-27)?
871
Let o(b) = -122*b + 448. Determine o(9).
-650
Let s(a) = -5*a - 64. What is s(-22)?
46
Let q(d) = d**2 + 104*d + 621. Determine q(-7).
-58
Let g(l) = -2*l - 46. Give g(-5).
-36
Let v(x) = x**3 + 14*x**2 - 4*x - 48. Determine v(-13).
173
Let q(c) = 20*c - 531. Determine q(17).
-191
Let x(p) = p**3 - 18*p**2 - 175*p + 15. Determine x(25).
15
Let g(z) = -6*z + 12. Give g(-28).
180
Let b(j) = j**2 - 70*j - 352. Give b(-5).
23
Let g(p) = p**3 + 30*p**2 - 63*p + 65. Calculate g(-32).
33
Let k(l) = 8*l**2 + 34*l + 7. Give k(-4).
-1
Let h(z) = 57*z - 201. Determine h(6).
141
Let i(b) = b**2 + 14*b - 228. Calculate i(-24).
12
Let k(p) = -219*p + 11005. Calculate k(50).
55
Let q(p) = -p**2 + 34*p + 1744. Calculate q(-28).
8
Let y(h) = -11*h**2 + 4*h - 14. Give y(4).
-174
Let u(g) = -100*g + 178. Give u(2).
-22
Let m(h) = 5*h**2 + 240*h - 497. What is m(-50)?
3
Let g(p) = -389*p - 13604. Calculate g(-35).
11
Let t(s) = -2*s**3 - s**2 - 2*s + 21. Give t(4).
-131
Let w(u) = u**2 - 24*u - 5. Give w(-19).
812
Let s(z) = 5*z**2 - 12*z + 9. Give s(1).
2
Let d(i) = -2*i**3 + 28*i**2 - 85*i + 40. What is d(8)?
128
Let n(b) = -b**2 - 11*b + 9. Give n(-11).
9
Let l(u) = u**3 - 101*u**2 + 115*u - 1487. Calculate l(100).
13
Let k(o) = o**3 + 175*o**2 - 1078*o - 32. Calculate k(6).
16
Let z(a) = 70*a + 15224. What is z(-217)?
34
Let h(q) = -2*q**2 - 127*q - 69. Calculate h(-64).
-133
Let j(m) = -5*m**2 - 61*m + 3457. What is j(-33)?
25
Let l(c) = -3*c**3 + 3*c**2 + 6*c - 6. Give l(3).
-42
Let p(i) = 11*i - 686. Determine p(43).
-213
Let o(x) = -78*x + 1095. What is o(14)?
3
Let m(z) = 6*z**2 - 267*z + 2649. Calculate m(15).
-6
Let s(o) = -3*o + 19. Determine s(13).
-20
Let u(w) = -w**2 + 63*w + 149. What is u(65)?
19
Let x(o) = -2*o**3 + 28*o**2 + 1267*o - 431. Give x(33).
-2
Let d(l) = 6361*l + 19. Give d(0).
19
Let q(x) = -7*x**2 + 46*x + 135. What is q(-3)?
-66
Let c(x) = 537*x + 5319. Calculate c(-10).
-51
Let s(r) = -4*r**2 + r - 3. Calculate s(-2).
-21
Let m(h) = -10*h + 47. Give m(13).
-83
Let v(m) = m**3 - 117*m**2 + 142*m - 3018. Give v(116).
-2
Let t(w) = -w**3 + 94*w**2 + 90*w + 298. Give t(95).
-177
Let p(s) = 91*s + 13. Determine p(-2).
-169
Let w(n) = 407*n - 400. Give w(1).
7
Let b(w) = w**3 - 64*w**2 + w + 7. Determine b(0).
7
Let u(g) = 20*g**2 - 56*g + 57. Calculate u(1).
21
Let b(a) = -22*a**3 + 134*a**2 - 5*a. Determine b(6).
42
Let p(k) = 161*k + 649. Determine p(-4).
5
Let g(i) = -567*i + 4542. Calculate g(8).
6
Let a(s) = -73*s + 405. Give a(5).
40
Let b(j) = j**3 + 12*j**2 - 77*j - 783. What is b(-7)?
1
Let n(c) = -137*c - 202. Calculate n(-5).
483
Let i(z) = -14*z**2 - 469*z + 144. Calculate i(-34).
-94
Let a(x) = 31*x - 157. What is a(-3)?
-250
Let g(h) = -h**3 - 22*h**2 - 61*h - 36. Determine g(-4).
-80
Let w(k) = k**2 - 21*k - 33. Calculate w(20).
-53
Let d(a) = a**3 + 18*a**2 - 1148*a + 110. Give d(26).
6
Let a(v) = -9*v**3 + 8*v**2 - 8*v - 4. Calculate a(2).
-60
Let y(i) = -63*i**2 + 1324*i + 36. Calculate y(21).
57
Let p(s) = -s**3 + 11*s**2 + 85*s - 762. Give p(13).
5
Let o(b) = -b**3 - 27*b**2 + 116*b + 1672. What is o(-29)?
-10
Let m(o) = -o**3 + 6*o**2 + 37*o - 16. Determine m(12).
-436
Let o(v) = v**3 - 9*v**2 - 12*v - 35. Calculate o(10).
-55
Let o(w) = -8*w**2 + 129*w + 436. Determine o(19).
-1
Let b(k) = 4*k**2 - 465*k - 939. Give b(-2).
7
Let g(p) = -503*p + 62876. Determine g(125).
1
Let f(y) = -2*y**3 + 71*y**2 + 262*y + 415. Calculate f(39).
-14
Let l(o) = -o**2 + 149*o + 1590. Calculate l(-10).
0
Let a(w) = -w**2 - 2*w + 3718. What is a(60)?
-2
Let m(y) = -4*y**3 - 67*y**2 - 21*y - 679. Determine m(-17).
-33
Let d(y) = 2721*y - 2700. Calculate d(1).
21
Let l(o) = -20*o**3 + o**2 + 8*o - 9. Determine l(1).
-20
Let n(t) = t**3 + 15*t**2 - 2*t + 27. What is n(-14)?
251
Let t(w) = -14*w + 42. Give t(-1).
56
Let g(k) = -20*k + 541. Give g(26).
21
Let j(d) = -d**2 - 89*d - 1811. What is j(-32)?
13
Let j(a) = 5*a + 16. Calculate j(2).
26
Let q(u) = u**2 + 132*u + 705. Determine q(-5).
70
Let v(q) = -q**3 + 37*q**2 + 5*q - 39. Calculate v(37).
146
Let j(o) = o**3 + 23*o**2 + 108*o + 608. Calculate j(-19).
0
Let h(x) = -160*x - 3512. Determine h(-22).
8
Let h(u) = 2*u**3 + 18*u**2 - 24*u + 1. Determine h(-10).
41
Let v(r) = r**2 - 32*r + 21. Give v(12).
-219
Let b(p) = p**3 + 12*p**2 - 809*p - 131. Give b(-35).
9
Let t(a) = -60*a + 521. What is t(9)?
-19
Let l(o) = -2*o**3 - o**2 - 8*o + 49. Give l(0).
49
Le